Is 17 a factor of 85408?
True
Is 6 a factor of 2316?
True
Is 778 a multiple of 31?
False
Is 61 a factor of 8906?
True
Is 10 a factor of 340?
True
Is 200 a multiple of 18?
False
Is 112 a factor of 15456?
True
Is 13874 a multiple of 36?
False
Does 52 divide 4506?
False
Is 13 a factor of 56255?
False
Is 8736 a multiple of 12?
True
Does 7 divide 23905?
True
Is 739 a multiple of 32?
False
Is 21 a factor of 903?
True
Is 19452 a multiple of 51?
False
Does 38 divide 722?
True
Is 55 a factor of 20083?
False
Does 44 divide 852?
False
Does 90 divide 1566?
False
Is 246 even?
True
Is 31 a factor of 651?
True
Is 7442 a multiple of 20?
False
Does 104 divide 17160?
True
Is 4805 a multiple of 5?
True
Does 12 divide 180?
True
Does 5 divide 1685?
True
Does 266 divide 56658?
True
Does 19 divide 4817?
False
Does 48 divide 1008?
True
Does 55 divide 6215?
True
Is 15 a factor of 102641?
False
Is 3075 a multiple of 15?
True
Does 23 divide 22563?
True
Is 2955 a multiple of 39?
False
Is 14 a factor of 3063?
False
Is 74 a multiple of 36?
False
Is 8 a factor of 944?
True
Does 82 divide 34505?
False
Does 25 divide 3016?
False
Is 2121 a multiple of 3?
True
Does 24 divide 2608?
False
Does 100 divide 200?
True
Is 18 a factor of 19584?
True
Is 7 a factor of 56?
True
Is 21 a factor of 772?
False
Is 6396 a multiple of 41?
True
Is 27232 a multiple of 16?
True
Does 27 divide 1431?
True
Does 70 divide 5996?
False
Is 12 a factor of 5606?
False
Is 4 a factor of 114?
False
Does 5 divide 353?
False
Is 154 a factor of 51092?
False
Does 31 divide 9610?
True
Is 273 a factor of 11193?
True
Is 14763 a multiple of 7?
True
Is 10 a factor of 1482?
False
Does 20 divide 2300?
True
Is 12 a factor of 36?
True
Is 808 a multiple of 8?
True
Is 916 a multiple of 3?
False
Does 32 divide 384?
True
Does 15 divide 6608?
False
Is 27 a factor of 29862?
True
Does 72 divide 54309?
False
Is 47 a factor of 53439?
True
Does 21 divide 60222?
False
Is 4 a factor of 4631?
False
Does 98 divide 13622?
True
Is 71 a multiple of 2?
False
Is 1987 a multiple of 246?
False
Does 8 divide 431?
False
Does 27 divide 6669?
True
Does 11 divide 693?
True
Is 98 a factor of 2254?
True
Is 98884 a multiple of 59?
True
Is 5308 a multiple of 11?
False
Is 10 a factor of 129?
False
Is 25 a factor of 300?
True
Is 339 a multiple of 15?
False
Does 33 divide 792?
True
Is 967 even?
False
Is 700 even?
True
Is 2497 a multiple of 19?
False
Is 675 a multiple of 78?
False
Is 2868 a multiple of 3?
True
Is 51 a factor of 78081?
True
Is 60 a factor of 22380?
True
Is 7062 a multiple of 14?
False
Is 1656 a multiple of 18?
True
Is 134 a factor of 17420?
True
Does 16 divide 3472?
True
Does 11 divide 70796?
True
Is 9 a factor of 1188?
True
Is 1209 a multiple of 31?
True
Is 490 a multiple of 7?
True
Is 20 a factor of 2700?
True
Is 1022 even?
True
Is 1154 a multiple of 15?
False
Does 12 divide 1037?
False
Does 63 divide 97149?
False
Is 2108 a multiple of 16?
False
Does 48 divide 2331?
False
Is 20 a factor of 35542?
False
Does 9 divide 2720?
False
Is 280 a multiple of 31?
False
Is 34 a factor of 10642?
True
Is 6 a factor of 1099?
False
Does 37 divide 1184?
True
Is 800 a multiple of 10?
True
Is 69 a factor of 8004?
True
Is 24 a factor of 23014?
False
Is 493 a multiple of 9?
False
Does 6 divide 222?
True
Is 336 a multiple of 6?
True
Is 270 a multiple of 6?
True
Is 169 a factor of 676?
True
Does 32 divide 3360?
True
Is 312 a multiple of 10?
False
Does 25 divide 7454?
False
Is 12 a factor of 5423?
False
Is 448 a multiple of 64?
True
Is 117 a multiple of 39?
True
Is 4 a factor of 1232?
True
Is 448 a multiple of 8?
True
Does 110 divide 15537?
False
Is 97 a factor of 1552?
True
Is 11113 a multiple of 18?
False
Is 47 a factor of 71?
False
Does 65 divide 1040?
True
Is 59 a factor of 1475?
True
Is 9 a factor of 1080?
True
Does 95 divide 46327?
False
Is 62 a factor of 682?
True
Is 29 a factor of 111855?
False
Is 15 a factor of 1121?
False
Is 32928 a multiple of 36?
False
Is 53 a factor of 292?
False
Is 514 a multiple of 3?
False
Does 36 divide 12168?
True
Is 62 a factor of 1364?
True
Is 150 a factor of 4350?
True
Is 11 a factor of 1294?
False
Does 30 divide 56?
False
Is 7 a factor of 56?
True
Does 15 divide 4740?
True
Is 109 a factor of 19293?
True
Is 12 a factor of 4617?
False
Is 6 a factor of 78?
True
Is 30 a factor of 1192?
False
Is 6 a factor of 377?
False
Does 8 divide 3672?
True
Does 2 divide 288?
True
Is 3608 a multiple of 44?
True
Is 93787 a multiple of 9?
False
Does 45 divide 2780?
False
Does 36 divide 7585?
False
Does 12 divide 1344?
True
Does 6 divide 17940?
True
Does 195 divide 9519?
False
Does 14 divide 3548?
False
Does 5 divide 2040?
True
Is 97 a factor of 2987?
False
Does 11 divide 297?
True
Is 48 a multiple of 24?
True
Does 41 divide 505?
False
Does 25 divide 675?
True
Does 28 divide 756?
True
Is 9 a factor of 150?
False
Does 14 divide 27930?
True
Is 11 a factor of 7257?
False
Does 51 divide 1108?
False
Is 9331 a multiple of 43?
True
Is 138 a factor of 15502?
False
Is 3060 a multiple of 17?
True
Is 1712 a multiple of 19?
False
Does 72 divide 30350?
False
Is 42127 a multiple of 103?
True
Does 11 divide 99?
True
Does 59 divide 11712?
False
Is 29588 a multiple of 52?
True
Does 45 divide 1865?
False
Does 11 divide 902?
True
Is 34 a factor of 9486?
True
Does 40 divide 92400?
True
Does 6 divide 522?
True
Is 49 a multiple of 2?
False
Does 46 divide 46?
True
Is 4064 a multiple of 127?
True
Is 201 a factor of 7709?
False
Is 9 a factor of 3192?
False
Does 111 divide 7104?
True
Does 9 divide 2682?
True
Is 468 a multiple of 26?
True
Is 3969 a multiple of 63?
True
Does 10 divide 4140?
True
Is 5056 a multiple of 16?
True
Does 5 divide 442?
False
Is 2780 a multiple of 74?
False
Is 743 even?
False
Does 89 divide 7031?
True
Is 20 a factor of 4580?
True
Is 29 a factor of 145?
True
Is 50694 a multiple of 102?
True
Is 59 a factor of 974?
False
Is 22 a factor of 268?
False
Is 4010 a multiple of 93?
False
Is 1084 a multiple of 26?
False
Is 4946 a multiple of 60?
False
Does 16 divide 7472?
True
Does 46 divide 2760?
True
Is 2303 a multiple of 49?
True
Does 64 divide 3200?
True
Is 3058 a multiple of 15?
False
Is 3482 a multiple of 68?
False
Is 8 a factor of 8648?
True
Does 97 divide 45105?
True
Is 1276 a multiple of 32?
False
Is 14 a factor of 70?
True
Does 69 divide 10557?
True
Is 8 a factor of 3898?
False
Does 30 divide 1470?
True
Is 58665 a multiple of 209?
False
Is 1284 a multiple of 3?
True
Does 61 divide 1281?
True
Is 39 a factor of 1599?
True
Is 48 a multiple of 7?
False
Is 2314 a multiple of 27?
False
Is 189 a multiple of 49?
False
Is 20 a factor of 9549?
False
Does 7 divide 464?
False
Is 267 a multiple of 5?
False
Is 228 a multiple of 38?
True
Is 20 a factor of 8080?
True
Does 66 divide 1405?
False
Is 2029 a multiple of 10?
False
Is 498 a multiple of 10?
False
Is 10488 a multiple of 6?
True
Does 2 divide 459?
False
Is 35275 a multiple of 47?
False
Is 11 a factor of 154?
True
Does 24 divide 5616?
True
Does 22 divide 1298?
True
Is 3584 a multiple of 17?
False
Is 12 a factor of 1160?
False
Is 33 a factor of 3696?
True
Is 9968 a multiple of 28?
True
Does 2 divide 285?
False
Does 15 divide 12900?
True
Does 87 divide 4639?
False
Is 3860 a multiple of 20?
True
Does 8 divide 9816?
True
Does 8 divide 1288?
True
Is 9 a factor of 12744?
True
Is 26 a multiple of 11?
False
Is 14 a factor of 5586?
True
Is 22457 a multiple of 60?
False
Does 32 divide 6300?
False
Does 102 divide 49470?
True
Is 50 a factor of 23370?
False
Is 11 a factor of 13273?
False
Is 189 a multiple of 27?
True
Is 15 a factor of 19800?
True
Does 252 divide 13923?
False
Does 21 divide 357?
True
Is 17 a factor of 901?
True
Is 68 a factor of 16320?
True
Does 4 divide 36?
True
Does 17 divide 1292?
True
Does 10 divide 1183?
False
Is 18 a factor of 12438?
True
Is 12049 a multiple of 29?
False
Is 741 a multiple of 19?
True
Does 54 divide 58273?
False
Does 56 divide 952?
True
Is 10478 a multiple of 62?
True
Does 152 divide 9120?
True
Does 11 divide 448?
False
Is 19465 a multiple of 17?
True
Is 25 a factor of 1019?
False
Is 62811 a multiple of 21?
True
Is 664 a multiple of 83?
True
Is 20066 a multiple of 2?
True
Is 115 a factor of 1712?
False
Is 2 a factor of 387?
False
Does 108 divide 540?
True
Is 2 a factor of 547?
F